2).
21
Let y(v) = -30*v - 426. Determine y(-21).
204
Let k(p) = 1174*p**2 - 3032*p - 4. Give k(2).
-1372
Let q(w) = 94014*w + 5452810. Determine q(-58).
-2
Let b(f) = f**3 - 143*f**2 - 4203*f - 68. What is b(-25)?
7
Let o(h) = -3*h**2 - 36*h + 795. What is o(18)?
-825
Let s(r) = 727*r - 7526. Calculate s(12).
1198
Let k(r) = 14656*r + 58360. Calculate k(-4).
-264
Let s(n) = 4239*n + 250110. What is s(-59)?
9
Let b(x) = -14165332*x - 84991998. Give b(-6).
-6
Let q(m) = -95*m**2 + 1183*m - 1181. What is q(1)?
-93
Let g(j) = 57136*j - 114259. Give g(2).
13
Let q(f) = 1052*f - 261949. Determine q(249).
-1
Let u(t) = 2817*t - 290153. Give u(103).
-2
Let d(l) = 6*l**3 - 4*l**2 - 55*l - 18. What is d(-4)?
-246
Let h(v) = -1932*v + 48552. Give h(24).
2184
Let q(g) = -2248*g + 8986. Calculate q(4).
-6
Let t(b) = -54734*b - 437871. Determine t(-8).
1
Let k(n) = -2562*n + 25586. What is k(10)?
-34
Let l(h) = 355*h**3 + 51*h**2 + 44*h - 9. What is l(-1)?
-357
Let m(s) = -154*s + 2193. Give m(19).
-733
Let q(i) = 39960*i**2 - 399601*i + 11. Give q(10).
1
Let o(m) = -2*m**2 + 50*m + 178. Calculate o(-4).
-54
Let i(r) = -84*r**2 + 2169*r + 54. Give i(26).
-336
Let q(r) = r**3 - 269*r**2 - 849*r + 8763. Determine q(272).
-213
Let j(a) = -7464*a + 60150. What is j(8)?
438
Let v(o) = -o**3 + 403*o**2 + 434*o - 12204. Calculate v(404).
-84
Let p(m) = -117*m - 6147. Determine p(-61).
990
Let g(c) = c**2 + 344*c + 27111. Give g(-124).
-169
Let q(r) = 8995288*r - 26985859. Give q(3).
5
Let g(h) = 96*h + 18515. Give g(-203).
-973
Let f(u) = 9*u**2 + 3187*u + 49019. Give f(-338).
9
Let w(s) = s**3 + 3*s**2 - 289*s - 2716. Calculate w(-9).
-601
Let c(v) = -2*v**3 - 434*v**2 - 2522*v + 69. Determine c(-6).
9
Let f(z) = -17*z**2 - 1057*z + 5327. Calculate f(5).
-383
Let t(m) = 15761*m**2 + 15769*m + 2. Determine t(-1).
-6
Let j(q) = 2619*q + 15701. Determine j(-6).
-13
Let d(o) = 3*o**3 + 1320*o**2 - 6687*o + 61. What is d(5)?
1
Let w(q) = q**2 + 25526*q - 2279738. Give w(89).
-3
Let j(f) = -801*f - 491028. Determine j(-613).
-15
Let w(p) = -314*p**2 + 1046*p - 12. Determine w(3).
300
Let j(b) = -187648*b - 375336. What is j(-2)?
-40
Let x(n) = n**2 + 144*n - 10568. Determine x(49).
-1111
Let m(z) = -2*z**3 + 280*z**2 - 1082*z + 325. Give m(136).
1141
Let x(o) = -o**3 + 139*o**2 + 3338*o - 25122. What is x(159)?
0
Let p(a) = -315*a - 37134. Determine p(-118).
36
Let t(h) = 8*h**3 - h**2 + 4*h + 42. Give t(-5).
-1003
Let j(k) = -189*k - 4986. Calculate j(-26).
-72
Let x(f) = 2*f**3 + 140*f**2 - 430*f - 3. What is x(3)?
21
Let l(b) = -6*b**2 - 3549*b - 349872. Calculate l(-125).
3
Let q(y) = -y**2 + 1689*y + 29130. Determine q(-17).
128
Let j(l) = 38*l**2 + 1613*l - 24964. Calculate j(12).
-136
Let b(o) = -63824*o + 319120. What is b(5)?
0
Let u(n) = -16279*n - 407078. Determine u(-25).
-103
Let k(y) = -70*y**2 - 4047*y + 9097. Give k(-60).
-83
Let b(r) = -15433*r + 63024. Calculate b(4).
1292
Let b(u) = 2*u**3 + 10*u**2 - 56*u - 74. Determine b(-8).
-10
Let j(q) = q**3 + 13*q**2 - 918*q - 11220. Determine j(-12).
-60
Let h(f) = -26*f**2 + 665*f + 632. Calculate h(27).
-367
Let x(r) = -r**2 + 138*r - 128. What is x(138)?
-128
Let a(g) = 36*g**3 + 106*g**2 - 13*g + 16. Calculate a(-5).
-1769
Let x(c) = -c**3 + 3*c**2 - 1349*c + 5407. Give x(4).
-5
Let c(f) = -3*f**3 - 50*f**2 + 473*f + 8077. Determine c(-16).
-3
Let n(d) = 28*d**2 + 706*d + 26. What is n(-24)?
-790
Let i(c) = c**3 - 158*c**2 + 1994*c - 288451. Determine i(157).
-42
Let l(v) = 1087*v**3 + 14*v**2 - 2*v - 17. Calculate l(-1).
-1088
Let c(u) = -u**2 + 1147*u - 272976. Calculate c(810).
-6
Let w(s) = s**2 - 264*s + 12563. Determine w(61).
180
Let h(z) = -4*z**2 - 1271*z - 16723. Calculate h(-304).
-3
Let o(p) = -3*p**3 + 433*p**2 - 147*p + 1491. Give o(144).
1059
Let z(s) = 153*s**3 + 10*s**2 - 1102*s + 1094. Calculate z(1).
155
Let u(v) = 3*v**3 - 247*v**2 + 754*v - 25. Calculate u(3).
95
Let t(p) = -p**3 + 37*p**2 + 251*p - 766. Determine t(43).
-1067
Let q(r) = r**2 - 809*r + 127342. Determine q(214).
12
Let t(a) = 2*a**2 - 143*a + 26. Determine t(5).
-639
Let k(z) = 18*z**2 + 564*z - 3859. Determine k(-37).
-85
Let x(w) = -5*w**3 + 2372*w**2 - 7068*w - 11. Give x(3).
-2
Let b(c) = -c**2 + 244*c - 2553. What is b(11)?
10
Let q(i) = 23022*i + 2048987. Determine q(-89).
29
Let l(g) = g**2 + 865*g + 158087. Give l(-265).
-913
Let v(k) = 2*k**2 - 359*k - 9035. Determine v(203).
506
Let d(n) = 10004*n + 19993. Give d(-2).
-15
Let a(b) = 71*b**2 - 1271*b - 4. What is a(19)?
1478
Let x(z) = -1239*z**3 - z**2 + 1341*z - 1341. What is x(1)?
-1240
Let r(t) = -4*t**3 - 47*t**2 + 7*t + 9. Give r(-11).
-431
Let y(x) = 146735*x - 440229. Calculate y(3).
-24
Let w(l) = 25271*l - 833949. Calculate w(33).
-6
Let a(s) = -2*s**3 - 636*s**2 - 41844*s + 550. Determine a(-93).
-8
Let q(d) = 92434*d + 553820. Give q(-6).
-784
Let w(r) = 36086*r + 11908385. Give w(-330).
5
Let x(v) = -v**3 + 40*v**2 + 44*v - 3176. Give x(39).
61
Let j(d) = -2*d**3 + 3741*d**2 + 56553*d - 28. Give j(-15).
152
Let a(q) = -7*q**2 + 54*q + 1237. Calculate a(-10).
-3
Let i(u) = u**2 + 1471*u + 148452. Calculate i(-109).
-6
Let h(y) = -1478*y + 30179. What is h(20)?
619
Let c(i) = i**3 + 424*i**2 + 15026*i + 4154. What is c(-385)?
-81
Let i(r) = -r**3 + 205*r**2 - 1556*r - 3865. Calculate i(197).
75
Let i(w) = -521*w - 1323. Give i(-3).
240
Let f(g) = g**3 + 573*g**2 - 4000*g - 400. Calculate f(7).
20
Let v(i) = -9065*i - 45574. Calculate v(-5).
-249
Let a(x) = 2*x**3 + 1527*x**2 + 15*x + 10. Calculate a(0).
10
Let i(b) = -110510*b + 110540. Calculate i(1).
30
Let x(o) = 1997*o - 109842. Give x(55).
-7
Let z(p) = -p**2 - 25536*p - 3833139. What is z(-151)?
-4
Let b(z) = 8165*z - 212507. Give b(26).
-217
Let u(a) = -a**3 - 2*a**2 + 18*a + 9. Calculate u(-7).
128
Let y(j) = j**3 + j**2 - 9068*j - 27176. Give y(-3).
10
Let u(o) = -o**2 - 602*o + 5386. Calculate u(9).
-113
Let o(d) = -631*d**2 + 12096*d - 2035. Give o(19).
-2
Let t(w) = -6579*w + 20186. What is t(3)?
449
Let n(z) = -z**2 + 37*z + 188. Determine n(42).
-22
Let u(y) = 13*y**3 - 271*y**2 + 80*y - 2334. Calculate u(21).
228
Let x(d) = -d**2 + 130*d + 2096. Calculate x(148).
-568
Let t(c) = -14428*c - 14269289. Determine t(-989).
3
Let p(s) = -11602*s + 57905. Determine p(5).
-105
Let x(y) = -116*y**2 - 48776*y + 48777. Give x(1).
-115
Let x(w) = -143309*w + 6019026. Give x(42).
48
Let t(r) = -r**3 + 9*r**2 + 189*r - 73. Calculate t(-10).
-63
Let l(b) = 2*b**3 - 1242*b**2 + 2273*b + 125660. What is l(619)?
3
Let n(x) = -61*x**2 - 1700*x + 3398. Give n(2).
-246
Let l(k) = -24612*k + 98334. Give l(4).
-114
Let k(p) = -15*p**3 - 3*p**2 - 20*p + 27. What is k(-3)?
465
Let i(n) = 507*n - 44331. What is i(87)?
-222
Let t(g) = g**2 + 287*g + 1421. Determine t(-5).
11
Let v(k) = -16049*k - 465428. Give v(-29).
-7
Let x(l) = -597*l + 4009. Determine x(6).
427
Let j(a) = 1682*a - 44129. Calculate j(26).
-397
Let u(g) = 13*g**3 + 143*g**2 + 6*g + 17. Give u(-11).
-49
Let m(s) = -s**3 - 14*s**2 + 358*s + 1194. What is m(-26)?
-2
Let f(x) = -754*x - 3009. Calculate f(-5).
761
Let s(h) = -h**3 - 74*h**2 - 1097*h + 7260. Determine s(-48).
12
Let a(g) = 3*g**3 - 1338*g**2 + 2667*g - 7. Give a(2).
-1
Let j(a) = 11*a**2 + 2173*a + 1282. Give j(-197).
100
Let p(y) = 3*y**3 - 91*y**2 - 381*y + 1. Determine p(0).
1
Let i(j) = j**3 + 1291*j**2 - 31515*j + 59164. Calculate i(-1315).
-11
Let a(y) = -38*y - 391. Give a(-9).
-49
Let y(f) = -44*f**2 - 21936*f - 55545. Give y(-496).
7
Let i(m) = 2*m**3 + 94*m**2 + 477*m - 1. Give i(-5).
-286
Let h(l) = l**2 + 104*l - 4165. Calculate h(-134).
-145
Let d(h) = 49010*h - 12791617. Determine d(261).
-7
Let l(q) = -2*q**3 + 16*q**2 + 3*q - 4. Calculate l(13).
-1655
Let c(n) = 2*n**2 - 1118*n + 9935. Calculate c(9).
35
Let i(v) = 2*v**3 + 524*v**2 + 32997*v + 2832. What is i(-105)?
-3
Let p(f) = -8*f**3 - 7*f**2 + 19*f - 13. Give p(1).
-9
Let q(w) = -2*w**2 + 7384*w + 51739. Give q(-7).
-47
Let k(o) = -32*o**2 - 705*o - 11032. Give k(-15).
-7657
Let s(h) = 161*h**2 + 764*h - 333. Calculate s(-5).
-128
Let q(x) = 8*x**3 - 12*x**2 + 114*x - 244. Determine q(2).
0
Let o(n) = -1475*n + 1224. Calculate o(2).
-1726
Let f(d) = -13*d**2 - 79624*d + 238866. What is f(3)?
-123
Let y(w